se 10, what is -684 - 101?
-785
In base 10, what is -44 + -22414?
-22458
In base 15, what is -1 - 7a5e?
-7a60
In base 13, what is -4 - -16449?
16445
In base 13, what is -3610 + 7?
-3606
In base 4, what is -3212 + -100?
-3312
In base 3, what is -1220201 - 111102?
-2102010
In base 6, what is -25 + 343445?
343420
In base 6, what is 14020 + 23?
14043
In base 3, what is 1000 + -12201021?
-12200021
In base 2, what is 10111001100101000100 - 0?
10111001100101000100
In base 2, what is 110 - -10010010100010110?
10010010100011100
In base 10, what is 51 + 3173?
3224
In base 8, what is 5 - -113626?
113633
In base 12, what is -9b + 434?
355
In base 5, what is -1300300 + 21?
-1300224
In base 7, what is 251465 - 1?
251464
In base 15, what is -307b + 93?
-2ed8
In base 11, what is a093 - 4?
a08a
In base 5, what is -41 + 131304?
131213
In base 13, what is 2 - c7a5?
-c7a3
In base 8, what is -2 - -320472?
320470
In base 14, what is -3255 - -5?
-3250
In base 15, what is 12 + 6c8b0?
6c8c2
In base 11, what is 4 + -407951?
-407948
In base 13, what is -5 + -a0464?
-a0469
In base 3, what is 11212202122 - -10?
11212202202
In base 6, what is -4211442 - -5?
-4211433
In base 15, what is -17 + 772?
75a
In base 8, what is 11517540 - 5?
11517533
In base 3, what is 11 + -1022012121?
-1022012110
In base 9, what is -1 + -38472?
-38473
In base 16, what is 86ee0 + 0?
86ee0
In base 14, what is -268 - 12?
-27a
In base 16, what is -5 + -30c2?
-30c7
In base 12, what is -3 + -3a85?
-3a88
In base 3, what is 1200 + 112110120?
112112020
In base 3, what is -2011020100202 - -1?
-2011020100201
In base 7, what is 122415 + -13?
122402
In base 4, what is -3023322 - 222?
-3030210
In base 4, what is -1003302110 + 13?
-1003302031
In base 4, what is 21213020 + -13?
21213001
In base 4, what is 2021212 + 113?
2021331
In base 6, what is 45 - -110223?
110312
In base 14, what is 1a8 + 192?
35a
In base 11, what is -1235851 - -1?
-1235850
In base 9, what is -6437 + 14?
-6423
In base 12, what is 4 + -37866?
-37862
In base 5, what is -12 - -211110?
211043
In base 2, what is 1101000101010 - 100?
1101000100110
In base 14, what is -1 - -4b947?
4b946
In base 9, what is 245 - 641?
-385
In base 4, what is 20121023 + -20?
20121003
In base 9, what is 105726 - -2?
105728
In base 11, what is 2 + -7048?
-7046
In base 11, what is -1534a3 - -2?
-1534a1
In base 14, what is 9d - -28d7?
2996
In base 3, what is 211111110 - 10102?
211101001
In base 7, what is 15142 + -5?
15134
In base 6, what is 245221 + 15?
245240
In base 12, what is 36b - -9?
378
In base 11, what is 30756 - 17?
3073a
In base 6, what is -1 - 234022?
-234023
In base 15, what is -5c6 - 57?
-62d
In base 13, what is -19b71 - 6?
-19b77
In base 6, what is 1 + 1112200?
1112201
In base 4, what is -3 + -3332123?
-3332132
In base 7, what is -433364 - 3?
-433400
In base 16, what is 3a5c - 5?
3a57
In base 7, what is 216005 + 1?
216006
In base 9, what is -354 - 2185?
-2550
In base 5, what is -112224110 + 4?
-112224101
In base 7, what is -102 - -3100?
2665
In base 4, what is 101 + 20300?
21001
In base 16, what is -55152 - 7?
-55159
In base 13, what is 19 + -178b?
-1772
In base 16, what is -5e37 + 1?
-5e36
In base 9, what is 0 - -1071623?
1071623
In base 5, what is -1243 - 11314?
-13112
In base 16, what is -9 - -327a?
3271
In base 15, what is -1a3 - -49?
-159
In base 12, what is -2 - 630b?
-6311
In base 15, what is 1e54c + -2?
1e54a
In base 9, what is -138833 - 4?
-138837
In base 12, what is 44b94 - 5?
44b8b
In base 13, what is 48b + 84?
542
In base 14, what is -3c1a6 - 2?
-3c1a8
In base 15, what is 9 - -9527?
9531
In base 3, what is -1102 - 1111110210?
-1111112012
In base 4, what is -21 + 113013110?
113013023
In base 9, what is -648 + 115?
-533
In base 8, what is 205 + -103371?
-103164
In base 2, what is -11100011111111 - -1011111?
-11100010100000
In base 10, what is -37288 - 3?
-37291
In base 8, what is -16 - 7567?
-7605
In base 6, what is 5003 - 222?
4341
In base 2, what is 101 - 10010111100?
-10010110111
In base 9, what is 3 + -550703?
-550700
In base 10, what is -4 + -481570?
-481574
In base 6, what is -2322 + 10?
-2312
In base 7, what is 5156 - -614?
6103
In base 6, what is 1242 + -2123?
-441
In base 15, what is -135b - 2?
-135d
In base 4, what is -20303311 - -10?
-20303301
In base 10, what is 911 + 96?
1007
In base 14, what is 4 + 4038?
403c
In base 11, what is -35 - -38210?
38186
In base 2, what is -10010011100 - 10010100011?
-100100111111
In base 14, what is -6 + 72b9?
72b3
In base 2, what is 10001 - -1101011001001?
1101011011010
In base 16, what is -25 + -14ad?
-14d2
In base 14, what is -10741 + -1?
-10742
In base 9, what is -7113 - 657?
-7771
In base 10, what is -1320 - -57?
-1263
In base 16, what is -f7fa - e?
-f808
In base 15, what is 51 + ee4?
1045
In base 2, what is 10111001110 + 0?
10111001110
In base 16, what is 4150f - -4?
41513
In base 14, what is 3 - 40c?
-409
In base 11, what is 14a - 59?
a1
In base 12, what is -7767 - -6?
-7761
In base 9, what is 724842 + 3?
724845
In base 12, what is 3451 - 1?
3450
In base 15, what is -5 - -3721?
371b
In base 10, what is 14338 - 3?
14335
In base 12, what is 2 + 8369?
836b
In base 10, what is -37338 + -56?
-37394
In base 14, what is -5 - 15d3d?
-15d44
In base 4, what is 330 - -20221?
21211
In base 3, what is 21020 - -100011?
121101
In base 10, what is 238 - 334?
-96
In base 15, what is -5 - 5c320?
-5c325
In base 3, what is 1021 + -121100020?
-121021222
In base 12, what is -39a - -28?
-372
In base 6, what is 42502 + -233?
42225
In base 11, what is 408 + 228?
635
In base 14, what is -4c97 + 5?
-4c92
In base 4, what is -111 + -10131?
-10302
In base 10, what is 15 + 5044?
5059
In base 5, what is -2031 - -132?
-1344
In base 3, what is 0 + -21002010?
-21002010
In base 3, what is 11 + 1220100?
1220111
In base 12, what is b + 739?
748
In base 4, what is -300222331 + 10?
-300222321
In base 4, what is 2030 - -10003?
12033
In base 2, what is 10 + -111110011110111?
-111110011110101
In base 12, what is -4 - 53b674?
-53b678
In base 14, what is 185 - 3b?
148
In base 4, what is -10 - -21101120?
21101110
In base 5, what is -142203140 - -4?
-142203131
In base 4, what is 111 + 133021?
133132
In base 11, what is -5 + 1827a?
18275
In base 9, what is -157310 - -2?
-157307
In base 16, what is 1 - -9b32?
9b33
In base 4, what is 11312233200 - 1?
11312233133
In base 5, what is 12413 - 10101?
2312
In base 12, what is 10 - -7987?
7997
In base 13, what is 43356 - -5?
4335b
In base 4, what is 1002 + -32230?
-31222
In base 4, what is -2123220010 - -2?
-2123220002
In base 12, what is -12 + 3034?
3022
In base 15, what is -49 + 1e00?
1da6
In base 14, what is -4d7 - -a?
-4cb
In base 6, what is -4335 + -114?
-4453
In base 10, what is -273 - -28?
-245
In base 3, what is -10110 - 10012012?
-10022122
In base 4, what is 133 + -22331?
-22132
In base 8, what is 6 - -2734?
2742
In base 5, what is 1143344 - 4?
1143340
In base 10, what is 190 - 4015?
-3825
In base 4, what is 11 - 30002223?
-30002212
In base 7, what is 254662 - 5?
254654
In base 3, what is 1102 + -211201021?
-211122212
In base 4, what is -200211 + 0?
-200211
In base 11, what is -417 + -24?
-440
In base 5, what is -3 + 342030?
342022
In base 8, what is -1 - 2627206?
-2627207
In base 3, what is -11101220200 - 0?
-11101220200
In base 13, what is -6b9 - 40?
-729
In base 12, what is -14491a4 + 4?
-14491a0
In base 16, what is 2975 + 3?
2978
In base 13, what is 149a4 + -2?
149a2
In base 11, what is -45845 - -3?
-45842
In base 4, what is 10 - -302110303?
302110313
In base 14, what is 1834 + -143?
16d1
In base 5, what is 1311043 + -2212?
1303331
In base 3, what is -11020 + -111200202?
-111211222
In base 6, what is 2 + 224250?
224252
In base 9, what is 137284 - -2?
137286
In base 5, what is -2 - 22222?
-22224
In base 7, what is 6115 - 222?
5563
In base 4, what is 10 + -1210311103?
-1210311033
In base 5, what is 123331 + 1020?
124401
In base 4, what is -110030321 + -3?
-110030330
In base 3, what is -10 - 20200022222?
-20200100002
In base 10, what is -71187 + -1?
-71188
In base 8, what is 30 - -304?
334
In base 11, what is 8832 - -19?
8850
In base 4, what is 2133 - 220?
1313
In base 4, what is -221111 + 1132?
-213313
In base 5, what is 4 - -42001034?
42001043
In base 9, what is 3 + -20775?
-20772
In bas